tiple of 22?
True
Is 2839 a multiple of 17?
True
Is 46 a factor of 1472?
True
Is 59712 a multiple of 32?
True
Does 9 divide 13725?
True
Is 91 a factor of 922?
False
Does 38 divide 22002?
True
Does 2 divide 293?
False
Does 9 divide 2025?
True
Is 151 a factor of 5020?
False
Is 26 a factor of 26032?
False
Is 33 a factor of 1143?
False
Is 6 a factor of 15713?
False
Is 529 a multiple of 12?
False
Does 69 divide 5589?
True
Does 100 divide 37583?
False
Is 17 a factor of 1699?
False
Is 1821 a multiple of 22?
False
Is 651 a multiple of 30?
False
Does 53 divide 3068?
False
Is 91 a factor of 23660?
True
Does 4 divide 652?
True
Does 8 divide 1152?
True
Does 9 divide 4833?
True
Is 896 a multiple of 32?
True
Is 1298 a multiple of 22?
True
Is 18934 a multiple of 64?
False
Is 4 a factor of 422?
False
Does 32 divide 322?
False
Does 10 divide 1496?
False
Is 956 a multiple of 10?
False
Is 343 a multiple of 7?
True
Is 6545 a multiple of 11?
True
Is 198 a factor of 10367?
False
Is 68 a factor of 18088?
True
Is 17293 a multiple of 8?
False
Is 79 a factor of 1877?
False
Is 25 a factor of 79?
False
Is 35 a factor of 223?
False
Is 114 a factor of 13802?
False
Does 45 divide 7830?
True
Is 41 a factor of 23739?
True
Is 6 a factor of 204?
True
Does 79 divide 13726?
False
Is 55 a factor of 2558?
False
Does 145 divide 13160?
False
Is 1797 a multiple of 12?
False
Does 19 divide 1846?
False
Is 130 a multiple of 60?
False
Is 182 a factor of 112294?
True
Does 163 divide 538?
False
Is 6 a factor of 8687?
False
Does 26 divide 156?
True
Does 21 divide 336?
True
Is 2915 a multiple of 53?
True
Does 17 divide 15045?
True
Is 30592 a multiple of 9?
False
Is 7891 a multiple of 7?
False
Is 34726 a multiple of 69?
False
Does 49 divide 127?
False
Does 130 divide 260?
True
Does 24 divide 645?
False
Does 268 divide 83189?
False
Is 21253 a multiple of 19?
False
Is 15 a factor of 5850?
True
Is 64 a factor of 3136?
True
Is 93 a factor of 53940?
True
Is 50 a factor of 8574?
False
Is 4191 a multiple of 127?
True
Is 77 a factor of 7546?
True
Is 554 a multiple of 27?
False
Is 20 a factor of 220?
True
Is 64 a factor of 1611?
False
Is 97 a factor of 7957?
False
Does 201 divide 10050?
True
Is 681 a multiple of 114?
False
Is 43 a factor of 36781?
False
Does 16 divide 21472?
True
Is 18 a factor of 3258?
True
Is 23 a factor of 7749?
False
Is 11 a factor of 49041?
False
Does 36 divide 90324?
True
Is 71 a factor of 1426?
False
Is 4732 a multiple of 13?
True
Is 520 a multiple of 26?
True
Is 45 a factor of 1890?
True
Is 33 a factor of 792?
True
Is 4951 a multiple of 19?
False
Is 4 a factor of 148?
True
Is 23766 a multiple of 233?
True
Does 21 divide 652?
False
Does 5 divide 1042?
False
Is 660 a multiple of 12?
True
Does 7 divide 2620?
False
Is 483 a multiple of 3?
True
Does 9 divide 4858?
False
Is 19035 a multiple of 45?
True
Is 3113 a multiple of 34?
False
Does 73 divide 8103?
True
Is 850 a multiple of 31?
False
Does 12 divide 22515?
False
Does 14 divide 1284?
False
Does 41 divide 30914?
True
Is 10 a factor of 394?
False
Is 7752 a multiple of 17?
True
Is 1014 a multiple of 27?
False
Is 8 a factor of 1782?
False
Does 30 divide 96180?
True
Does 45 divide 26029?
False
Does 27 divide 540?
True
Is 881 even?
False
Does 124 divide 1116?
True
Is 145 a multiple of 41?
False
Is 50 a factor of 5533?
False
Is 21 a factor of 214?
False
Does 66 divide 8207?
False
Is 9988 a multiple of 18?
False
Is 64 a factor of 20160?
True
Does 84 divide 5447?
False
Does 78 divide 3010?
False
Is 21 a factor of 462?
True
Is 1829 a multiple of 17?
False
Is 6 a factor of 4677?
False
Is 11 a factor of 800?
False
Is 828 a multiple of 24?
False
Does 11 divide 44?
True
Is 8019 a multiple of 27?
True
Does 4 divide 125?
False
Is 17792 a multiple of 64?
True
Is 10296 a multiple of 117?
True
Is 308 a multiple of 7?
True
Does 81 divide 49815?
True
Is 4 a factor of 2192?
True
Is 21027 a multiple of 43?
True
Is 1330 a multiple of 19?
True
Is 24 a factor of 53112?
True
Is 35 a factor of 97450?
False
Does 13 divide 3028?
False
Is 6962 a multiple of 48?
False
Is 70 a factor of 14157?
False
Is 7 a factor of 5903?
False
Is 1539 a multiple of 27?
True
Is 15 a factor of 17115?
True
Is 2705 a multiple of 4?
False
Is 8 a factor of 1000?
True
Does 27 divide 648?
True
Does 25 divide 13900?
True
Is 66 a factor of 10209?
False
Is 58 a factor of 5449?
False
Is 248 a multiple of 44?
False
Is 12 a factor of 300?
True
Does 3 divide 313?
False
Does 72 divide 72?
True
Is 15 a factor of 23665?
False
Is 153 a multiple of 2?
False
Is 169520 a multiple of 260?
True
Does 46 divide 1886?
True
Is 51 a factor of 1032?
False
Is 26 a factor of 10594?
False
Does 19 divide 19?
True
Is 132 a factor of 48937?
False
Is 37 a factor of 5491?
False
Is 48 a factor of 3588?
False
Is 6110 a multiple of 3?
False
Is 11 a factor of 130559?
True
Does 2 divide 330?
True
Is 90 a factor of 3483?
False
Is 742 a multiple of 27?
False
Does 25 divide 2773?
False
Does 2 divide 178?
True
Is 48 a factor of 2620?
False
Is 5 a factor of 372?
False
Is 19205 a multiple of 13?
False
Does 5 divide 569?
False
Is 7895 a multiple of 9?
False
Is 558 a multiple of 6?
True
Is 42 a factor of 1848?
True
Does 13 divide 133770?
True
Is 117 a multiple of 11?
False
Is 58 a factor of 1402?
False
Is 8 a factor of 1423?
False
Does 119 divide 2142?
True
Is 7839 a multiple of 36?
False
Does 3 divide 216?
True
Is 13 a factor of 182?
True
Is 910 a multiple of 13?
True
Is 935 a multiple of 34?
False
Does 14 divide 5138?
True
Is 51 a factor of 5559?
True
Is 608 a multiple of 11?
False
Does 141 divide 1331?
False
Is 19 a factor of 456?
True
Does 24 divide 8574?
False
Is 36 a factor of 396?
True
Is 2553 a multiple of 3?
True
Is 15 a factor of 465?
True
Is 2 a factor of 43?
False
Does 70 divide 4365?
False
Is 48060 a multiple of 12?
True
Is 63 a factor of 945?
True
Is 12 a factor of 12348?
True
Is 2806 a multiple of 44?
False
Is 3227 a multiple of 29?
False
Is 94 a factor of 18929?
False
Does 172 divide 2580?
True
Is 8 a factor of 32?
True
Does 23 divide 3703?
True
Is 20116 a multiple of 19?
False
Does 40 divide 1841?
False
Is 2365 a multiple of 11?
True
Does 100 divide 581?
False
Does 6 divide 2010?
True
Is 11 a factor of 343?
False
Is 37 a multiple of 2?
False
Does 98 divide 10163?
False
Is 6116 a multiple of 44?
True
Does 11 divide 2332?
True
Does 3 divide 526?
False
Does 28 divide 3949?
False
Does 13 divide 47293?
False
Is 7 a factor of 385?
True
Does 6 divide 799?
False
Does 72 divide 50818?
False
Is 2490 a multiple of 43?
False
Is 308 a multiple of 13?
False
Is 41 a factor of 6340?
False
Is 8 a multiple of 2?
True
Is 7 a factor of 132?
False
Does 19 divide 3837?
False
Does 10 divide 13793?
False
Is 6675 a multiple of 7?
False
Does 40 divide 1769?
False
Does 19 divide 17298?
False
Does 2 divide 36?
True
Does 130 divide 2461?
False
Is 200 a multiple of 16?
False
Is 191 a multiple of 13?
False
Is 28275 a multiple of 29?
True
Is 15 a factor of 1236?
False
Is 972 a multiple of 76?
False
Does 4 divide 440?
True
Is 25641 a multiple of 63?
True
Is 3 a factor of 256?
False
Does 13 divide 837?
False
Is 312 a multiple of 12?
True
Is 105 a factor of 31726?
False
Is 29 a factor of 4916?
False
Is 896 a multiple of 9?
False
Does 12 divide 20928?
True
Is 6575 a multiple of 14?
False
Does 32 divide 27869?
False
Does 13 divide 853?
False
Is 92 a factor of 24472?
True
Does 3 divide 560?
False
Does 349 divide 96673?
True
Is 85 a factor of 1332?
False
Is 25802 a multiple of 38?
True
Is 860 a multiple of 10?
True
Does 10 divide 934?
False
Does 8 divide 40980?
False
Does 19 divide 323?
True
Does 59 divide 11269?
True
Does 18 divide 12528?
True
Is 5 a factor of 606?
False
Does 20 divide 16480?
True
Does 6 divide 150?
True
Does 69 divide 18699?
True
Is 2835 a multiple of 135?
True
Does 8 divide 7440?
True
Does 10 divide 7278?
False
Does 17 divide 2074?
True
Does 40 divide 5529?
False
Is 12182 even?
True
Is 23 a factor of 305?
False
Is 1035 a multiple of 30?
False
Is 8928 a multiple of 248?
True
Is 335 a factor of 67335?
True
Is 58 a factor of 1359?
False
Is 82 a factor of 10906?
True
Does 165 divide 13365?
True
Does 5 divide 1150?
True
Does 11 divide 1232?
True
Is 40 a factor of 370?
False
Does 11 divide 39072?
True
Is 23876 a multiple of 3?
Fal